ivided by i.
28
Suppose -5*y + 170 = -5*m, 3*y - 100 = 3*m + 2*y. Let i be (m/6)/(1/(-6)). Calculate the remainder when 57 is divided by -3 + (1 - 1) + i.
27
Let f(l) = -l**2 - 22*l - 23. Let b be f(-21). Let z(p) = 10*p - 3. What is the remainder when z(5) is divided by b + (3/(-3))/((-2)/52)?
23
Suppose 0 = 43*i - 38*i - 65. Suppose 3*c - 174 = -30. What is the remainder when c is divided by i?
9
Let o(g) = -2 + 4 + 2*g - 3 + 6. What is the remainder when (-2)/10 - (-4 + 924/(-20)) is divided by o(4)?
11
Let s = 4312 + -3905. Calculate the remainder when s is divided by 10.
7
Suppose -2*r = -x - 877, -2*r = 3*r + 2*x - 2188. Suppose 8*k + 4957 + 3923 = 230*k. What is the remainder when r is divided by k?
38
Let v = -425 + 425. Suppose -4*u - 190 = -5*z, 5*z - 6*z - 5*u + 67 = v. Calculate the remainder when z is divided by 6.
0
Suppose 2*t - 535 = -3*t. Let s(m) = -4*m**2 + 2*m + 103. Let d be s(-9). Let b = 266 + d. Calculate the remainder when t is divided by b.
26
Suppose i + 1 = -5*n - 12, 5*i - 43 = 2*n. Let q be -36*((-7)/3 - -2). Calculate the remainder when 236/q - 4/(-12) is divided by i.
6
Let z(y) = -138*y + 4980. What is the remainder when z(33) is divided by 114?
84
Suppose -5*o = -4*y - 4*o + 61, 63 = 3*y + 5*o. Suppose 11*z = 12*z - y. What is the remainder when 45 is divided by z?
13
Let j(v) = -v**3 - 27*v**2 - 23*v - 364. Calculate the remainder when 2310 is divided by j(-27).
254
Let h = 665 - 622. Let p be (-1)/3 + 83/(-3). Let b = p + h. What is the remainder when 53 is divided by b?
8
Suppose 26*j - 5215 = -9*j. Calculate the remainder when j is divided by 6.
5
Let l(t) = -4*t**2 - 61*t - 11. What is the remainder when l(-11) is divided by 9?
5
Let k = -45 - -76. Let q(t) = -10*t**2 + 6*t - 10. Let c be q(-4). Let d = 314 + c. Calculate the remainder when d is divided by k.
27
Suppose 0 = 4*v + h + 71, 5*v + 3*h = -52 - 42. Let p = v + 54. Let x(w) = 13*w**2 + 596*w + 129. Calculate the remainder when x(-46) is divided by p.
36
What is the remainder when 26175 is divided by ((-1661)/(-44) + 10 - 3/4)*1?
43
Let v(m) = 16*m - 408. What is the remainder when v(30) is divided by 55?
17
Suppose -4*a + 322 = -234. What is the remainder when a is divided by 15/(-65) - (-1260)/52?
19
Let s = -3417 - -3503. What is the remainder when s is divided by 40?
6
Let f = 30 + -1. Suppose -41 = -t + f. Suppose 5*k + 4*d = 74, 8*k - 3*k - 70 = -5*d. Calculate the remainder when t is divided by k.
16
Suppose -5*m - 64*p + 60*p + 29977 = 0, -12037 = -2*m + 5*p. Calculate the remainder when m is divided by 167.
156
Let x = -2583 + 1697. Calculate the remainder when 12/(-78) + x/(-13) is divided by 18.
14
Let a = 0 - -2. Suppose 3*f = -2*d + 69, -a*d + 3*f + 28 = -23. What is the remainder when 59730/510 + 2/(-17) is divided by d?
27
Let i = -52 + -137. Let m = 383 + i. What is the remainder when m is divided by 18?
14
Suppose -4*n - 5*k + 562 = 285, 4*n - 5*k - 307 = 0. What is the remainder when 111 is divided by n?
38
Let j(l) = -l**2 - 12*l + 50. Let x be j(-15). Suppose 0 = 2*i - x*i + 12, 2*h - 416 = 5*i. What is the remainder when h is divided by 57?
47
Let n(g) be the first derivative of g**3/3 - 13*g**2/2 - 26*g - 12. Let c be n(-9). Suppose 7*p + 25 = c. Calculate the remainder when 41 is divided by p.
20
Let d = -33 + 60. Suppose 4*g - 3*q = 43, -g + d = -4*q - 0*q. Let v(w) = 12*w + 17. What is the remainder when v(g) is divided by 17?
16
What is the remainder when 3 + -1 - 37/((-888)/29664) is divided by 5?
3
Let g = 317 + -188. What is the remainder when g is divided by ((-832)/130 - (-6 + 0))*290/(-4)?
13
Let b(o) = o**3 - 4*o**2 + 6*o + 13. Let i(x) = 3*x**3 - 12*x**2 + 17*x + 39. Let m(g) = 7*b(g) - 2*i(g). Calculate the remainder when 163 is divided by m(4).
28
Let o(s) = -352*s - 7028. Calculate the remainder when 165 is divided by o(-20).
9
Suppose 6*h = 53 - 53. Suppose 29*a - 38*a + 846 = h. Calculate the remainder when a is divided by (1*-30)/(3/(-2)).
14
Let j(k) = 38*k**3 + 2*k**2 - 1. Let c be j(1). Let v be -3 + 3 - (18 - 18). Suppose 0*o + 3*o - c = v. Calculate the remainder when o is divided by 7.
6
Let v be 0/(-3*(-12)/(-9) + 6). Suppose v = -5*q - 7*q + 732. Suppose -q = -5*z - 21. Calculate the remainder when 29 is divided by z.
5
What is the remainder when (2 + -2 + 2)*12555/54 is divided by 10?
5
Let i(k) = k**2 - k - 24. Suppose -3*w = 5*l - 6*w + 147, 2*l + 4*w = -64. Let n = l - -37. Calculate the remainder when 50 is divided by i(n).
14
Suppose -3*m + 21 = 4*o - 63, 3*m + 84 = 4*o. Let x(h) = 6*h + 9. Let a be x(7). Calculate the remainder when 89 is divided by a + (o - 1)/(-5).
42
Suppose -390402 = -56*u - 46*u + 20*u. What is the remainder when u is divided by 12?
9
Suppose 19*o - 46 = 18*o - 3*d, 2*o = -2*d + 72. What is the remainder when o is divided by (-2)/(-13) - (-306)/39?
7
What is the remainder when 1 + -23 - -12 - 557/(-1) is divided by 533?
14
Suppose 0 = -6*s - 48, s + 127 = -4*d + 2627. Calculate the remainder when d is divided by 15.
12
Let a = -309 + 391. Let l(b) = 38*b + 11. Calculate the remainder when a is divided by l(1).
33
Let a(c) = -42*c**3 - 72*c**2 - 4*c - 5. Calculate the remainder when 1629 is divided by a(-2).
48
Suppose -2*x = 6 - 0, -4*i = -3*x - 541. Calculate the remainder when i is divided by (-180)/40*184/(-12).
64
Let p(z) = -3. Let h(c) = 2*c + 7. Let v(m) = -2*h(m) - 5*p(m). Suppose -4*q + 3*i - 34 = -2*q, -2*i = q + 10. What is the remainder when v(q) is divided by 20?
17
What is the remainder when 179 is divided by (2/2 + (-97)/4)/(456/(-608))?
24
Suppose -2084 - 3236 = -25*o - 31*o. Calculate the remainder when o is divided by 23.
3
Suppose -165 = 4*v + 5*p, 3*v - 11*p + 8*p + 90 = 0. Calculate the remainder when (182/v)/(8/(-260)) is divided by 57.
55
Suppose -5*t = -4*q - 156, -t - 6*q = 2*q + 4. Calculate the remainder when 135 - (-1)/(1/1) is divided by t.
24
Suppose 270 = -190*k + 244*k. What is the remainder when 1518 is divided by k?
3
Let s(i) be the first derivative of -7*i**2/2 - 56*i + 84. Calculate the remainder when s(-13) is divided by 27.
8
Let b be 207/2 - 1/(-2). Let z = -17058 - -16978. Let i = z + b. Calculate the remainder when 116 is divided by i.
20
Let o(f) be the third derivative of -f**4/12 + 4*f**3/3 + 4*f**2 - 3*f. What is the remainder when 69 is divided by o(-14)?
33
Let p be ((-69)/46)/(2/(-4)). Suppose p*o - 2*o - 173 = 0. What is the remainder when o is divided by 59?
55
Let f(k) = 9*k + 9 - 10*k - 2. Let h(a) = a - 13. Let v(c) = -5*f(c) - 3*h(c). Calculate the remainder when 15 is divided by v(2).
7
Suppose 0 = 2*k - 3*h - 39, -21*h = 4*k - 16*h - 111. Suppose -40 = k*z - 29*z. What is the remainder when 28 is divided by z?
4
Let b(c) = c**3 - 3*c**2 + 4*c - 2. Let r be (6 - 8)/(((-3)/(-6))/(-1)). Calculate the remainder when 1/r - (-258)/24 is divided by b(2).
1
Let b = -264 + 147. Let l = b - -117. Suppose -9 = -z + 2*c, l*c = 3*z - 4*c - 29. Calculate the remainder when z is divided by 6.
5
Let a = 43 + -40. Suppose 0 = -o - 3*v + 31, 7*o - 3*v = a*o + 109. What is the remainder when 53 is divided by o?
25
Suppose 2*a = -3*f + 75, -125 = f - 6*f - 4*a. Calculate the remainder when 603 is divided by f.
3
Let r(k) = 39*k**2 + 6. Let a = -116 + 118. What is the remainder when r(a) is divided by 33?
30
Let x = -17831 + 18184. Calculate the remainder when 777 is divided by x.
71
Let u be (-2)/2 + (-36)/(-4). What is the remainder when 1138/u + (-8)/32 is divided by 18?
16
Let b(a) = -7 + 15*a - 3236*a**2 + 2*a - 31 + 3235*a**2. What is the remainder when b(9) is divided by 19?
15
Let x = 443 + -365. Calculate the remainder when x is divided by 4 - (0 - 3 - 33).
38
Suppose -232*a + 235*a = 3*i + 1194, -a = 4*i - 403. Calculate the remainder when a is divided by 1.
0
Let y(u) = -138*u + 961. Calculate the remainder when y(2) is divided by 306.
73
Suppose 6*n = 36, -14*f + 4*n + 180 = -12*f. Calculate the remainder when 584 is divided by f.
74
Suppose 9*f - 8908 = -8737. Let j(b) = -3*b + 1. Let i be j(-1). Suppose 3*s = d - 46, s - 61 - 162 = -i*d. Calculate the remainder when d is divided by f.
17
Let y(o) = -4*o - 36. Let s be y(-14). Let r = -17 + s. Calculate the remainder when (-10)/(-3)*12/8 is divided by r.
2
Let x = 870